late the greatest common divisor of 866160 and 270.
270
Calculate the greatest common factor of 1852200 and 196.
196
Calculate the greatest common factor of 693 and 29733.
33
Calculate the greatest common divisor of 1949523 and 2868.
717
Calculate the greatest common factor of 1078 and 7018.
22
What is the greatest common factor of 155 and 69409?
31
Calculate the greatest common factor of 461814 and 114.
114
What is the highest common factor of 21010 and 22?
22
Calculate the highest common factor of 1324 and 18.
2
What is the highest common factor of 15805 and 93195?
545
Calculate the greatest common factor of 612 and 6339096.
612
What is the highest common divisor of 5111 and 760?
19
What is the greatest common factor of 221237 and 23?
23
Calculate the greatest common divisor of 76704 and 2400.
96
What is the highest common divisor of 15573 and 104894?
179
What is the greatest common factor of 710 and 491462?
142
Calculate the highest common divisor of 3898804 and 1456.
364
What is the highest common factor of 48 and 25692?
12
What is the highest common factor of 39 and 273663?
39
What is the highest common divisor of 274151 and 8289?
307
Calculate the greatest common factor of 74639 and 9393.
101
Calculate the highest common factor of 18 and 2431152.
18
What is the highest common factor of 14152 and 16?
8
What is the highest common divisor of 2465 and 4495?
145
What is the highest common divisor of 462 and 2221044?
42
What is the highest common divisor of 65675 and 14800?
925
Calculate the highest common divisor of 16038 and 22.
22
Calculate the highest common divisor of 147 and 198534.
21
Calculate the greatest common divisor of 12660 and 300.
60
What is the highest common divisor of 92856 and 14628?
636
What is the highest common divisor of 280709 and 338?
169
Calculate the highest common divisor of 278 and 374049.
139
Calculate the highest common divisor of 21669 and 28659.
699
What is the highest common factor of 201240 and 7611?
129
What is the highest common factor of 910875 and 315?
105
What is the greatest common divisor of 922660 and 8?
4
Calculate the highest common factor of 305 and 20191.
61
What is the highest common divisor of 13068 and 44528?
484
What is the greatest common factor of 2712 and 66331?
113
Calculate the greatest common divisor of 146160 and 145.
145
Calculate the highest common divisor of 1660970 and 30.
10
What is the highest common factor of 2421200 and 176?
16
Calculate the greatest common divisor of 131712 and 512.
128
Calculate the highest common factor of 3962246 and 268.
134
What is the highest common divisor of 4462 and 3686?
194
What is the greatest common divisor of 14003691 and 39?
39
What is the greatest common factor of 39039 and 11676?
21
Calculate the greatest common factor of 3785 and 160.
5
Calculate the highest common divisor of 2835 and 13545.
315
Calculate the highest common factor of 40 and 24340.
20
What is the highest common factor of 2530 and 2805?
55
Calculate the greatest common divisor of 724579 and 59.
59
Calculate the greatest common divisor of 963 and 711.
9
What is the highest common divisor of 3725 and 6275?
25
What is the greatest common factor of 162 and 576234?
162
Calculate the greatest common divisor of 85602 and 1254.
66
What is the highest common factor of 2067500 and 500?
500
What is the highest common factor of 31276 and 448?
28
What is the highest common factor of 597402 and 222?
222
Calculate the highest common factor of 5985 and 49.
7
Calculate the greatest common factor of 148824 and 234.
234
Calculate the greatest common divisor of 13 and 157391.
13
What is the highest common factor of 6802 and 96634?
38
What is the greatest common divisor of 3251383 and 421?
421
Calculate the greatest common divisor of 1900 and 732260.
380
Calculate the greatest common factor of 312 and 5785.
13
What is the highest common divisor of 6064 and 13488?
16
What is the greatest common factor of 354 and 38178?
6
Calculate the highest common factor of 256043 and 53.
53
What is the highest common factor of 4950 and 10350?
450
What is the highest common factor of 632492 and 34300?
1372
Calculate the highest common divisor of 187734 and 1868.
934
Calculate the greatest common factor of 8650 and 2422.
346
Calculate the highest common divisor of 4428 and 324.
108
What is the highest common divisor of 1371576 and 32?
8
What is the highest common divisor of 3288 and 246189?
411
Calculate the greatest common factor of 330 and 26862.
66
What is the greatest common divisor of 21 and 2051?
7
Calculate the highest common divisor of 217685 and 1625.
65
Calculate the highest common divisor of 1044 and 439292.
116
Calculate the greatest common divisor of 5530357 and 7.
7
What is the greatest common factor of 426747 and 885?
177
Calculate the highest common divisor of 63979 and 685.
137
Calculate the greatest common factor of 81 and 4081131.
27
Calculate the greatest common divisor of 77 and 9261868.
77
Calculate the highest common divisor of 3843 and 73566.
549
What is the highest common divisor of 1954 and 5786771?
977
What is the highest common factor of 104 and 4732?
52
What is the greatest common factor of 14 and 1693517?
7
What is the greatest common divisor of 5940 and 234900?
540
What is the greatest common factor of 148 and 37777?
37
What is the highest common factor of 1325 and 31482?
53
Calculate the greatest common divisor of 2622 and 18032.
46
What is the highest common divisor of 56 and 232568?
56
Calculate the highest common divisor of 289263 and 3.
3
Calculate the greatest common divisor of 5832 and 384.
24
Calculate the greatest common factor of 456 and 652878.
114
What is the greatest common factor of 105056 and 201?
67
Calculate the highest common divisor of 473 and 344.
43
Calculate the greatest common factor of 279 and 229059.
279
What is the highest common divisor of 619806 and 198?
66
What is the highest common factor of 32 and 31048?
8
Calculate the greatest common divisor of 260260 and 3300.
220
What is the greatest common divisor of 5439 and 4218?
111
Calculate the greatest common factor of 20 and 3631.
1
Calculate the greatest common divisor of 10254 and 5610.
6
Calculate the highest common factor of 5887 and 16443.
203
What is the greatest common factor of 47348 and 890?
178
Calculate the greatest common factor of 117 and 5317.
13
What is the highest common divisor of 212142 and 56?
14
Calculate the highest common divisor of 215 and 44295.
5
Calculate the highest common factor of 6664 and 1652.
28
What is the highest common factor of 1203234 and 744?
186
Calculate the highest common divisor of 504304 and 4816.
688
Calculate the greatest common factor of 440 and 4224.
88
What is the highest common divisor of 594 and 32538?
66
What is the highest common factor of 15366 and 156?
78
Calculate the highest common factor of 520 and 175370.
130
What is the greatest common factor of 8 and 959736?
8
Calculate the highest common divisor of 166280 and 40.
40
Calculate the greatest common divisor of 988 and 133.
19
Calculate the greatest common divisor of 154 and 4858.
14
What is the greatest common factor of 230 and 2662?
2
What is the highest common factor of 59880 and 135?
15
Calculate the greatest common factor of 21090 and 13490.
190
Calculate the highest common divisor of 545821 and 292.
73
What is the greatest common divisor of 2625 and 131775?
525
What is the greatest common factor of 24360 and 68730?
870
Calculate the greatest common divisor of 68 and 28237.
17
Calculate the greatest common divisor of 121 and 1427921.
121
What is the highest common factor of 7356 and 624?
12
Calculate the highest common divisor of 2608 and 798374.
326
What is the greatest common divisor of 308 and 59884?
44
Calculate the greatest common divisor of 1008 and 1692.
36
Calculate the highest common factor of 219 and 163812.
219
What is the greatest common divisor of 344 and 97352?
344
What is the highest common divisor of 9650080 and 3520?
1760
Calculate the highest common factor of 653631 and 22.
11
What is the highest common factor of 531064 and 16?
8
Calculate the highest common factor of 628635 and 135.
15
What is the highest common factor of 324777 and 1095?
219
Calculate the greatest common div